 be r(y). What is the greatest common factor of 156 and g?
52
Let a(b) = -b**3 + 13*b**2 + 19*b - 157. Let l be a(13). Calculate the greatest common divisor of 1870 and l.
10
Let c be (3 + 73)/(5 - 0 - 7). Let h be 157/4 + c/152. What is the highest common factor of h and 273?
39
Let p be ((1 + 1)/(-2))/((-1)/102*3). What is the highest common factor of p and 527?
17
Suppose 18*h = 9*h + 75150. Suppose -940 + h = 26*g. Calculate the greatest common factor of g and 15.
15
Suppose -5*m + 21 - 41 = 0, -3*x - 2*m + 53716 = 0. What is the highest common factor of 148 and x?
148
Let n(p) = 2*p**3 - 113*p**2 + 167*p - 100. Let b be n(55). What is the greatest common divisor of 3610 and b?
10
Suppose 11959 = 5*j - 3*f - 1667, 20*j + 3*f = 54474. What is the greatest common factor of j and 12?
12
Let o = 263 + -239. Suppose 30 = p + o. What is the highest common divisor of 27 and p?
3
Let h = -67 + 69. Let z be (-10)/h*(-11)/5. Suppose -a = -3*r - z, -2*a - 30 = 3*r - 88. What is the highest common divisor of 184 and a?
23
Suppose 4*b + 25 + 80 = c, 132 = c + 5*b. Calculate the greatest common divisor of 1482 and c.
39
Let n(h) = 2*h**3 - 6*h**2 + h + 5. Let c be n(5). Let p = 47250 + -46975. What is the greatest common factor of c and p?
55
Let r = 14665 - 14518. Suppose 0 = -2*i - 32 + 200. What is the highest common divisor of r and i?
21
Suppose 3*c = 4*s - 10339, 2*s = 21*c - 19*c + 5172. Calculate the greatest common factor of 58 and s.
29
Let w(j) = j**3 + 66*j**2 + 451*j - 19. Let d be w(-58). What is the greatest common factor of 455 and d?
35
Let c(m) = -5*m**2 + 160*m - 36. Let x be c(32). Let r be 1*190 + 31 + x. Calculate the greatest common factor of 148 and r.
37
Let z(f) = 0*f + 25*f + 41*f - 16 - 109*f. Let a be z(-1). Let u(k) = k**3 - 3*k**2 + 4*k - 8. Let p be u(7). Calculate the greatest common divisor of a and p.
27
Let r(u) be the second derivative of -u**5/20 - 17*u**4/12 - 3*u**3 + 12*u**2 - 79*u - 2. Let x be r(-17). Calculate the greatest common factor of x and 198.
66
Let t be (71 + 1947)*(-29)/(-2). What is the highest common factor of t and 29?
29
Let c = 62 + -54. Suppose c = 11*j - 3*j. Calculate the highest common factor of j and 27.
1
Suppose 4*d + 216 = 188, -2*k - 5*d = -97. Let s(h) = 2*h**2 + 7*h - 4. Let i be s(6). What is the greatest common divisor of i and k?
22
Let g be (-1208)/((2 - 13)/22). What is the highest common divisor of g and 48?
16
Let p = 384 + -233. Let z = 393 + p. What is the greatest common factor of 17 and z?
17
Let s = -835 + 3681. Suppose s = 16*w - 3538. Calculate the highest common factor of w and 21.
21
Let x(b) = b**3 + 21*b**2 - 46*b + 11. Let f be x(-23). Let y = 42 + -9. Calculate the greatest common factor of f and y.
11
Let t(l) = 446*l - 450. Let j be t(7). Calculate the highest common factor of 64 and j.
16
Suppose 27 = 13*c - 12*c. Suppose -3*q = 6*q - c. Suppose -1 = -2*o - 5*n, -2*n - 2 = o + q*n. What is the highest common divisor of 1 and o?
1
Let i(a) = -6*a**2 + 14*a**2 + 17*a**2. Let k be i(1). Let y(b) = -92*b + 1109. Let t be y(12). Calculate the greatest common divisor of k and t.
5
Let b = 185 + 31. Let k(i) = 3*i**2 - 6*i - 21. Let s be k(-3). What is the greatest common factor of s and b?
24
Suppose 0 = 23*u - 14*u - 3735. Let c = 639 - u. Calculate the highest common divisor of c and 32.
32
Suppose 26*j + 13 = 5889. Suppose -2*c - 2*c = 2*o - j, 5*o - 2*c - 589 = 0. What is the highest common divisor of o and 195?
39
Let m(l) = -2*l + 26. Let a be m(13). Suppose a = 3*q - 14 - 34. Let w = -36 - -44. Calculate the greatest common divisor of w and q.
8
Suppose q - 2*q - k + 1121 = 0, 2*q - 4*k = 2236. Calculate the greatest common factor of 14 and q.
14
Suppose -8*p = 3 - 27. Suppose -5*m + 10 - 3 = 3*u, p*m + 11 = 2*u. Suppose -u*c + 3*c = -i - 4, i = -c. What is the greatest common divisor of c and 1?
1
Let h = -60 + 66. Let z(g) = g**3 - 7*g**2 + 5*g + 11. Let w be z(h). Calculate the highest common factor of 30 and w.
5
Suppose 0 = 2*s + 487 - 1527. Suppose -120*a + 7907 = 107. Calculate the greatest common divisor of a and s.
65
Let h = -67 - 145. Let g = -210 - h. What is the highest common divisor of g and 58?
2
Suppose -920 + 36 = -29*l + 3*l. Calculate the highest common factor of l and 15742.
34
Suppose 1207*g = 862*g + 7245. Calculate the highest common divisor of 3647 and g.
7
Let w be (-4 + (-630)/72)/(0 - 1/12). What is the highest common divisor of 9 and w?
9
Let r = 4177 + -4173. Calculate the greatest common divisor of 1444 and r.
4
Suppose 0*w + 5*w + 35 = 0. Let y(n) = -46*n + 28. Let s be y(w). Suppose -22*j - 169 = -1269. What is the greatest common divisor of j and s?
50
Suppose -3*o = -c - 610, -3417 = -17*o + c - 7. Let q = -1 + -12. Let h = q + 63. Calculate the highest common divisor of h and o.
50
Let c = -12 + 16. Let k be (-6)/c*(-90)/27. Suppose -6*y = -k*y - 7. What is the highest common factor of 14 and y?
7
Let h(k) = 6*k**3 - k**2 - 13*k + 18. Let i be h(2). Calculate the greatest common divisor of i and 900.
36
Let a = 200 + -167. Suppose 5*p + 3*y - 20 = 3*p, -5*p + 4*y + 4 = 0. Suppose -p*b + 1 + 11 = 0. Calculate the greatest common divisor of b and a.
3
Suppose -217*r - 13051 + 16656 = -28294. Let b be (-7)/4*-14*8. What is the highest common factor of b and r?
49
Let b = -4166 - -4178. Let c = -4 + 7. Let n(z) = 2*z**2 - 2*z - 4. Let h be n(c). What is the highest common factor of h and b?
4
Let d(n) = 2*n**2 + 114*n - 234. Let y be d(-59). What is the highest common factor of 501 and y?
1
Suppose l + 396 = 2*l. Suppose 0*z = -6*z + l. Let b be 76/(-57)*(-18)/4. Calculate the highest common divisor of z and b.
6
Let m(l) = -l**3 - 53*l**2 + 253*l + 90. Let v be m(-58). What is the highest common factor of 129 and v?
43
Let n = -1059 + 2499. Calculate the greatest common divisor of n and 400.
80
Suppose 3*l + 1 = -2*s + 20, -l + 1 = 0. Let b be (52/s - 4)*1*24. Calculate the greatest common divisor of b and 570.
30
Let j(v) = v**3 + 13*v**2 - 3*v + 19. Let r be j(-11). Let l = 306 - r. What is the greatest common factor of 384 and l?
12
Let u = 39 + -11. Suppose -3*q + 820 + 455 = 5*i, 0 = -4*i + 5*q + 1057. Suppose 22 = 2*b - i. What is the highest common divisor of b and u?
28
Let w(o) = 32*o - 4. Let t be w(1). Suppose -26*g + t*g = 4. Let q be g/6*(7 + 2 - 0). Calculate the highest common divisor of 3 and q.
3
Let m be (-144)/(-10)*2120/636. Calculate the highest common divisor of m and 3008.
16
Let q = -12745 + 12781. What is the greatest common factor of 2348 and q?
4
Let q be ((-141)/12)/((-2)/(-5 - 3)). Let t = q + 54. Suppose 183 + 272 = t*m. Calculate the highest common factor of m and 13.
13
Suppose -866 = -3*l + x, l - 163*x - 278 = -164*x. What is the highest common divisor of l and 22?
22
Let y be (-1 + (-4)/(-3))/(4/12). Let l be 4/y*(-70)/(-56). Suppose -a = 3*a - 160. Calculate the highest common divisor of l and a.
5
Let k = 27 + 21. Let n be (3 + 132/(-8))/(5/(-10)). Suppose -5*v = 2*m - 122, n = v - 3*m + 6. What is the greatest common factor of v and k?
24
Let l = -1345 - -1717. What is the greatest common factor of l and 84?
12
Let s = 296 + -171. Suppose -4*k = 0, -k = 9*z - 14*z + 485. Let q = s - z. What is the highest common divisor of q and 70?
14
Let v be (1 - -5)*(-169)/26. Let x = v + 47. Let z(a) = -8*a - 80. Let t be z(-13). What is the highest common factor of t and x?
8
Let z = -1926 - -1928. Suppose 112 + 126 = 17*t. Calculate the greatest common factor of t and z.
2
Suppose -8926 + 69118 = 32*l. What is the greatest common factor of 297 and l?
99
Let m(g) = 2*g**3 + 2*g**2 - 30*g + 14. Let y be m(4). Calculate the greatest common factor of 32 and y.
2
Let t(r) = 14*r - 13. Let y be t(-4). Let g = -34 - y. What is the highest common divisor of 10 and g?
5
Let r be 504/(42/(-7))*16/(-6). What is the highest common divisor of 7 and r?
7
Suppose -15*x + 34435 = 6760. Calculate the highest common divisor of x and 360.
45
Let w(y) = y**3 + 14*y**2 + 16*y + 42. Let m be w(-12). Suppose -i + m = 91. What is the highest common divisor of 47 and i?
47
Suppose -22*k + 31227 = -19*k + 3*f, k - f - 10397 = 0. Calculate the greatest common factor of 303 and k.
101
Let a be 9/9*35/7. Suppose 381 = 5*h + 